ase 9) in base 14?
9a
Convert -11 (base 5) to base 7.
-6
Convert -1110 (base 2) to base 13.
-11
-1cd (base 14) to base 8
-571
What is 0 (base 8) in base 16?
0
What is -51 (base 9) in base 12?
-3a
2 (base 12) to base 16
2
Convert 3 (base 6) to base 7.
3
What is -1000110 (base 2) in base 4?
-1012
What is 51 (base 9) in base 8?
56
-44 (base 8) to base 7
-51
Convert 10010011 (base 2) to base 10.
147
What is 53 (base 9) in base 13?
39
60 (base 11) to base 8
102
What is -51 (base 14) in base 5?
-241
What is 100 (base 3) in base 6?
13
Convert 231 (base 5) to base 4.
1002
0 (base 11) to base 3
0
Convert 24 (base 7) to base 8.
22
What is -11001 (base 2) in base 9?
-27
What is -120 (base 3) in base 14?
-11
Convert 21 (base 6) to base 16.
d
What is -3 (base 8) in base 15?
-3
-22 (base 6) to base 9
-15
What is 2 (base 11) in base 9?
2
What is 4 (base 16) in base 15?
4
What is -24 (base 6) in base 14?
-12
Convert 2 (base 10) to base 11.
2
What is -44 (base 6) in base 3?
-1001
101 (base 4) to base 9
18
What is -10 (base 4) in base 5?
-4
What is -31 (base 14) in base 6?
-111
What is -10 (base 12) in base 9?
-13
What is -342 (base 6) in base 16?
-86
What is 23 (base 4) in base 10?
11
What is 11 (base 11) in base 5?
22
Convert -21 (base 6) to base 15.
-d
What is 26 (base 16) in base 9?
42
Convert 21 (base 6) to base 5.
23
Convert -120 (base 3) to base 2.
-1111
Convert -1 (base 13) to base 10.
-1
What is -4 (base 14) in base 3?
-11
-1002 (base 3) to base 4
-131
What is -12101 (base 3) in base 15?
-9a
What is 40 (base 11) in base 10?
44
Convert 1001 (base 2) to base 9.
10
Convert 54 (base 7) to base 8.
47
Convert -111 (base 2) to base 15.
-7
What is -a (base 15) in base 8?
-12
Convert 2 (base 11) to base 14.
2
6 (base 13) to base 5
11
-31 (base 16) to base 8
-61
120 (base 6) to base 3
1210
Convert 3 (base 6) to base 5.
3
Convert 188 (base 12) to base 11.
206
Convert 8b (base 14) to base 15.
83
Convert 101010101 (base 2) to base 16.
155
What is 66 (base 13) in base 16?
54
Convert -1 (base 14) to base 8.
-1
210 (base 11) to base 16
fd
Convert -3 (base 10) to base 16.
-3
What is -1 (base 14) in base 8?
-1
Convert -3 (base 8) to base 4.
-3
What is 2 (base 16) in base 13?
2
What is 2244 (base 5) in base 7?
642
Convert -1 (base 13) to base 8.
-1
10 (base 6) to base 8
6
Convert -100100 (base 2) to base 13.
-2a
Convert 10011 (base 2) to base 10.
19
Convert -21002 (base 3) to base 10.
-191
What is -303 (base 6) in base 8?
-157
0 (base 2) to base 7
0
What is -5 (base 7) in base 16?
-5
-3a (base 12) to base 16
-2e
What is -3 (base 6) in base 12?
-3
Convert 1 (base 9) to base 10.
1
Convert -156 (base 7) to base 11.
-82
What is 24 (base 12) in base 10?
28
-8 (base 11) to base 2
-1000
What is 12 (base 12) in base 6?
22
What is 45 (base 13) in base 12?
49
-1 (base 8) to base 4
-1
What is 11000 (base 2) in base 15?
19
Convert 17 (base 11) to base 3.
200
-76 (base 15) to base 10
-111
What is -110 (base 3) in base 12?
-10
40 (base 10) to base 8
50
Convert -11 (base 5) to base 6.
-10
What is 48 (base 12) in base 4?
320
-62 (base 10) to base 2
-111110
Convert -245 (base 6) to base 4.
-1211
What is -1 (base 13) in base 5?
-1
Convert -3 (base 8) to base 10.
-3
25 (base 8) to base 14
17
Convert 0 (base 4) to base 9.
0
23 (base 10) to base 13
1a
232 (base 7) to base 8
171
Convert -1 (base 2) to base 11.
-1
Convert 36 (base 16) to base 10.
54
Convert 2 (base 9) to base 4.
2
1c (base 13) to base 10
25
Convert -87 (base 10) to base 7.
-153
33 (base 5) to base 12
16
What is 1000 (base 3) in base 15?
1c
441 (base 5) to base 7
232
What is 31 (base 8) in base 6?
41
Convert -71 (base 14) to base 13.
-78
What is 10121 (base 3) in base 16?
61
Convert 2 (base 8) to base 9.
2
-10101 (base 2) to base 3
-210
What is 1 (base 3) in base 8?
1
What is 130 (base 6) in base 9?
60
-22 (base 9) to base 6
-32
-3 (base 14) to base 13
-3
Convert 45 (base 11) to base 12.
41
What is -32 (base 9) in base 16?
-1d
Convert 9a (base 11) to base 4.
1231
Convert 349 (base 10) to base 9.
427
124 (base 6) to base 14
3a
What is 1 (base 13) in base 5?
1
-c (base 15) to base 9
-13
8 (base 14) to base 9
8
What is 201 (base 8) in base 11?
108
What is 0 (base 12) in base 15?
0
What is 121 (base 5) in base 14?
28
Convert 20 (base 6) to base 2.
1100
What is 8 (base 15) in base 16?
8
-3 (base 5) to base 11
-3
13 (base 6) to base 8
11
Convert -4 (base 6) to base 12.
-4
Convert -60 (base 15) to base 16.
-5a
Convert 2 (base 10) to base 4.
2
15 (base 9) to base 2
1110
What is 32 (base 4) in base 7?
20
What is -22 (base 8) in base 16?
-12
What is 6 (base 15) in base 14?
6
101 (base 6) to base 16
25
What is 24 (base 7) in base 11?
17
-87 (base 15) to base 13
-9a
Convert -5 (base 8) to base 5.
-10
Convert -101 (base 2) to base 12.
-5
What is 136 (base 14) in base 4?
3310
What is 4 (base 6) in base 15?
4
22 (base 7) to base 10
16
Convert 11 (base 2) to base 10.
3
10 (base 4) to base 6
4
Convert 17 (base 8) to base 9.
16
Convert -5 (base 7) to base 10.
-5
Convert 11 (base 5) to base 10.
6
What is -11 (base 7) in base 3?
-22
Convert 102 (base 3) to base 16.
b
1a (base 14) to base 4
120
Convert -1 (base 3) to base 15.
-1
What is -2 (base 3) in base 13?
-2
What is -16 (base 8) in base 6?
-22
What is -22010 (base 3) in base 2?
-11011011
What is -310 (base 5) in base 12?
-68
What is 0 (base 11) in base 5?
0
What is 2 (base 16) in base 11?
2
What is -311 (base 4) in base 7?
-104
0 (base 7) to base 5
0
What is 100011 (base 2) in base 12?
2b
What is -8 (base 11) in base 5?
-13
What is -63 (base 9) in base 16?
-39
Convert -7 (base 10) to base 4.
-13
What is -2 (base 7) in base 16?
-2
What is 164 (base 8) in base 2?
1110100
Convert -111 (base 4) to base 5.
-41
Convert -40 (base 9) to base 8.
-44
Convert 10 (base 12) to base 2.
1100
Convert -1 (base 4) to base 10.
-1
-1 (base 6) to base 13
-1
0 (base 11) to base 13
0
Convert 11 (base 3) to base 13.
4
Convert 2 (base 7) to base 8.
2
-11001011 (base 2) to base 3
-21112
Convert -3 (base 7) to base 9.
-3
What is -203 (base 6) in base 12?
-63
Convert 0 (base 13) to base 14.
0
Convert 3 (base 14) to base 8.
3
What is 3 (base 13) in base 10?
3
What is 15 (base 15) in base 8?
24
Convert 11 (base 4) to base 16.
5
What is 0 (base 16) in base 7?
0
What is -6 (base 14) in base 10?
-6
Convert 1 (base 11) to base 7.
1
Convert 8 (base 9) to base 8.
10
Convert -3101 (base 4) to base 2.
-11010001
-211 (base 4) to base 6
-101
3 (base 15) to base 16
3
What is -16 (base 16) in base 9?
-24
What is -f (base 16) in base 12?
-13
a (base 15) to base 2
1010
Convert -2 (base 6) to base 4.
-2
Convert 1 (base 10) to base 8.
1
Convert -31 (base 8) to base 9.
-27
Convert -103 (base 5) to base 13.
-22
-2 (base 3) to base 9
-2
1 (base 3) to base 16
1
-8 (base 12) to base 7
-11
-1 (base 15) to base 14
-1
Convert 11 (base 4) to base 10.
5
Convert 5 (base 13) to base 10.
5
2 (base 12) to base 13
2
What is -20 (base 3) in base 15?
-6
What is -7 (base 11) in base 15?
-7
334 (base 8) to base 3
22011
-4 (base 11) to base 13
-4
-31 (base 7) to base 12
-1a
What is -410 (base 5) in base 11?
-96
What is 424 (base 6) in base 9?
187
12 (base 5) to base 14
7
-15 (base 11) to base 9
-17
-13 (base 13) to base 6
-24
Convert -1b9 (base 12) to base 16.
-11d
Convert 214 (base 5) to base 12.
4b
20 (base 11) to base 14
18
What is -202 (base 7) in base 6?
-244
-100 (base 3) to base 13
-9
Convert 7a (base 16) to base 3.
11112
74 (base 9) to base 13
52
What is -4 (base 15) in base 13?
-4
15 (base 13) to base 2
10010
What is cb (base 15) in base 12?
13b
0 (base 4) to base 2
0
4 (base 8) to base 12
4
What is 3 (base 8) in base 6?
3
What is 112 (base 6) in base 12?
38
Convert -5b (base 15) to base 13.
-68
Convert -9 (base 16) to base 14.
-9
What is -13 (base 9) in base 4?
-30
2 (base 13) to base 2
10
Convert -136 (base 7) to base 11.
-6a
67 (base 12) to base 6
211
Convert -133 (base 4) to base 12.
-27
What is 300 (base 4) in base 15?
33
Convert -8 (base 16) to base 5.
-13
Convert 1 (base 16) to base 7.
1
What is -8 (base 13) in base 5?
-13
7 (base 8) to base 13
7
Convert 63 (base 7) to base 10.
45
Convert -111 (base 4) to base 12.
-19
Convert -3 (base 16) to base 7.
-3
-1000 (base 2) to base 10
-8
Convert 22 (base 12) to base 14.
1c
Convert 120 (base 3) 